actors of y(1).
769
Suppose 99215 = 30*n - 64045. What are the prime factors of n?
2, 3, 907
List the prime factors of (33/165)/((-1)/(-58775)).
5, 2351
Suppose 0 = -2*n - 3*v + 2703, n + 404*v = 407*v + 1356. What are the prime factors of n?
3, 11, 41
Suppose 29*v = 25*v + 20. Let l(j) = 25*j - 23. List the prime factors of l(v).
2, 3, 17
Suppose 7*v = 9*v + 970. Let d = -35 - v. What are the prime factors of d?
2, 3, 5
Let k be (9 - (-68)/(-8))*2*-1. Let h(y) be the second derivative of -y**5/20 + y**4/12 - y. List the prime factors of h(k).
2
Let j(w) = 39 + 8 - 16*w - 1. List the prime factors of j(-20).
2, 3, 61
Suppose -32*d - 47*d + 2393760 = 161*d. List the prime factors of d.
2, 4987
Let d = 88 + 5252. Suppose 39*n - 9*n - d = 0. List the prime factors of n.
2, 89
Let l be -24 + 1 + 13 + -8. What are the prime factors of 10734/9 - l/(-27)?
2, 149
Let x = -3410 + 5912. What are the prime factors of (-7*20/(-210))/(2/x)?
2, 3, 139
List the prime factors of 6/(-1) + 6 - -21342.
2, 3, 3557
Suppose -4*j - 2*n = -19524, -25165 + 805 = -5*j + 5*n. List the prime factors of j.
2, 3, 271
Let f = -46 + 36. Let d be ((-1)/(f/12))/((-2)/5). What are the prime factors of 1*(d - (10*-1 - -3))?
2
Let j be ((-9)/3 - (-5 - 2))*2. List the prime factors of j/(-2)*(-736)/64.
2, 23
Let y(g) = -3*g**2 - 2*g - 5. Let t(b) = -3*b**2 - 2*b - 4. Let f(i) = -5*t(i) + 4*y(i). Let l be (-1316)/235 + -1 + 6/10. List the prime factors of f(l).
2, 3
Let v = -20 + 33. Let j = 111 + 239. Suppose v*d - j = 482. List the prime factors of d.
2
Let q be (-168)/15*(-5)/2. Suppose 20 = 4*n, 11 = 2*k - 5*n + q. Suppose -3*t + 4*t - 43 = -5*p, 0 = -k*t + p + 88. What are the prime factors of t?
23
Suppose 2*b - 31476 = -4*s - 2*b + b, 0 = 3*b. What are the prime factors of s?
3, 43, 61
Let y(h) = -2*h**3 - 38*h**2 - 15*h - 285. Let r be y(-19). Suppose w + 4*w = 610. Suppose -2*x - 4*u = -w, r*x - x + 55 = -u. What are the prime factors of x?
3, 19
Let i(f) = -f**2 - 16*f + 18. Let d(z) = z**2 + 7*z - 11. Let t be d(-6). Let g be i(t). List the prime factors of g/((-6)/(-1590)) + (0 - 0).
5, 53
Let k(p) = p**3 - p**2 - p + 1. Let b be k(1). Suppose 3*t - 1 + 16 = b, -d + 3*t + 887 = 0. What are the prime factors of d?
2, 109
Let q = -367 - -128. What are the prime factors of (-1)/(-5) + q*(-1)/5?
2, 3
Suppose s - 1761 = -2*r - 283, 5887 = 4*s + 3*r. Let p = s - 702. What are the prime factors of p?
2, 383
Let q(j) = -274*j - 1044. List the prime factors of q(-4).
2, 13
Let r(p) = -10*p**2 - 80*p. Let u be r(-8). Suppose u = -19*o + 5*o + 3290. What are the prime factors of o?
5, 47
What are the prime factors of ((-51780)/(-5 + 2) - -8)*(-12)/(-8)?
2, 3, 1439
Let k(j) = -25*j**2 + 43 + 6*j**3 - 20 - 21 - 6*j - j. List the prime factors of k(6).
2, 89
Suppose 1626 = 12*q - 1530. Let x = q + -102. List the prime factors of x.
7, 23
Let x(c) = 2027*c - 2192. List the prime factors of x(9).
7, 2293
Suppose 65*c + 25883 = 116688. List the prime factors of c.
11, 127
Let m = -79 + 75. Let j(s) = -8*s**3 - 9*s**2 - 2*s - 8. Let n be j(m). Suppose 15 = 3*r, -2*a = 10*r - 6*r - n. List the prime factors of a.
2, 3, 29
Let r = 1998 - -1090. Suppose -4*t - 4*i + r = 0, -13*i = 3*t - 9*i - 2319. What are the prime factors of t?
769
Suppose x = 5*w + 563, 5*x - 2960 = -176*w + 172*w. What are the prime factors of x?
2, 3, 7
Let r(p) = -p**2 + 784 + 48*p**2 - 7*p - 819 - 5*p**2. List the prime factors of r(-4).
5, 7, 19
Let n(b) = 3*b + 30. Let x be n(-11). What are the prime factors of 3 - (x/3 + -20)?
2, 3
What are the prime factors of 48/176 - (-2)/(-88) - (-18790)/8?
3, 29
Suppose 0*g + 16 = 5*g - 2*i, 0 = 5*g + i - 22. Let n be (g - 2 - -191) + -1. Suppose -n = -3*a - 30. List the prime factors of a.
2, 3
List the prime factors of 1/(-11) - -4*(-11122092)/(-1584).
2, 3, 31, 151
Suppose -j - 2 = j. Let o(u) = -23*u - 1. Let h be o(j). Let s = h - -51. List the prime factors of s.
73
Let r be (132/5 + 0)*(-720)/(-27). Suppose 4*h + 4*d - 928 = r, -h + 396 = -5*d. What are the prime factors of h?
2, 7, 29
Suppose -3 = -x, -3*x + 4*x - 23 = -5*n. Suppose -k = n*j - 4, j - 16 = 2*j - 4*k. Suppose j = -8*r + r + 70. What are the prime factors of r?
2, 5
Suppose 0*f - 3*c + 108 = 3*f, 0 = 5*f + c - 176. What are the prime factors of 5372/10 + f/(-175)?
3, 179
Suppose 2*u = -4*f + 86658, 20215 + 66446 = 4*f + 5*u. List the prime factors of f.
2, 677
List the prime factors of (0 - -67655)/(2600/3120).
2, 3, 7, 1933
Let h be -4 + 0 + (7 - (-583 + 4)). Suppose -4*v + 794 = -h. List the prime factors of v.
2, 43
Let p(s) = s**3 - 5*s**2 - 12*s - 14. Let t be p(7). Let b(h) = 4*h + 669. What are the prime factors of b(t)?
3, 223
Suppose 87*f = 83*f - 160. What are the prime factors of 7/((f/(-155))/8)?
7, 31
Let r(g) = g**3 - 27*g**2 - 105*g - 86. What are the prime factors of r(31)?
503
Let i(u) = 4*u**2 - 5*u + 13. Let y(a) = 13*a + 76. Let h be y(-5). List the prime factors of i(h).
2, 13, 17
Let k = 20 - -3647. List the prime factors of k.
19, 193
Let r(b) be the first derivative of 3*b**4/4 + b**3 + 5*b**2 - 34*b + 125. List the prime factors of r(5).
2, 233
Suppose -2*k + 20 = -k + 4*r, -2*k - 3*r + 20 = 0. List the prime factors of (-7832)/(-55)*10/k.
2, 89
List the prime factors of -4*(-844)/64 - (-7)/28.
53
Suppose -4*w = -2*f - 303929 - 84151, -5*w - 5*f + 485145 = 0. List the prime factors of w.
3, 32341
Let z(w) = -935*w - 6608. What are the prime factors of z(-46)?
2, 3, 6067
Suppose -4519 - 5154 = -n. List the prime factors of n.
17, 569
Suppose 0 = 14*y + 79*y - 1837122. What are the prime factors of y?
2, 7, 17, 83
Let a = 868 - 140. Suppose 0 = -8*h + 6*h + a. What are the prime factors of h?
2, 7, 13
Suppose 58*h - 580852 + 76372 = -22*h. List the prime factors of h.
2, 3, 1051
Suppose -3*v = 52 + 14. Let o be (-9370)/110 + (-4)/v. Let b = o - -172. What are the prime factors of b?
3, 29
Suppose -4*p = 34 - 2922. Suppose 0 = 4*n - 2*m - 1448, 2*n = -2*m + 4*m + p. What are the prime factors of n?
3, 11
Suppose 3*j + 93*s - 97*s - 80095 = 0, -3*s - 26700 = -j. List the prime factors of j.
3, 11, 809
Let m(g) be the third derivative of -17*g**4/12 - 65*g**3/6 - 26*g**2. List the prime factors of m(-22).
683
Suppose -2*l - 4880 = -2*i, 12202 = 5*i - 8*l + 4*l. List the prime factors of i.
2, 3, 11, 37
Let w(g) = -445*g - 2079. List the prime factors of w(-40).
79, 199
Suppose 0 = -33*g - 6*g + 805005 + 1337187. What are the prime factors of g?
2, 3433
Suppose -7*n + 755 = -5*n - 5*p, -2*n + 2*p = -764. List the prime factors of 4 + (2 + n)*(11 + -10).
17, 23
Let g be ((-21)/14)/(6/(-16)). Suppose 429 + 399 = g*l. Suppose 5*v - 3*q - 189 = l, -v + 74 = 2*q. List the prime factors of v.
2, 3, 13
Let k be (-4 - -3)*0 + (14 - 2). Suppose -2*z + 20 + 42 = 0. Let d = z - k. List the prime factors of d.
19
Let n(z) = -11 + 46 - 3*z - 9 - 14. What are the prime factors of n(-23)?
3
Let q = -40 - -44. Let j be (85/70 - q/(-14))*2. Suppose -k = -j*k + 240. List the prime factors of k.
2, 3, 5
What are the prime factors of 37*70/3885*(-103074)/(-2)?
2, 41, 419
Let s = -1442 - -9966. What are the prime factors of s?
2, 2131
List the prime factors of (-4695009)/(-81) + (-2892)/(-324) + -9.
3, 139
Let d = -470 + 470. Suppose -21*u + 24*u - 2391 = d. List the prime factors of u.
797
Let o(m) = 1706*m + 3855. List the prime factors of o(23).
43093
Let d(b) = b + 10. Suppose -16 = 6*r - 7*r. Let i be d(r). Suppose 0 = -a + 2*f + i, 0*a - f = 3*a - 78. What are the prime factors of a?
2, 13
List the prime factors of (-13090)/(-340)*(-1)/((-14)/816).
2, 3, 11, 17
What are the prime factors of 21 + -42 - (-43475 + -2)?
2, 7, 97
Suppose -4943 = -9*x + 7*x - z, x - 5*z = 2488. Suppose -408 = -4*n + 4*o + 4532, -2*n = -5*o - x. List the prime factors of n.
2, 617
Let l(y) = 7*y + 102. Let z be l(-14). Suppose -3*h + 4*m + 2078 = 0, h + z*m = -120 + 818. List the prime factors of h.
2, 347
What are the prime factors of (84479/(-46))/((-2)/4)?
3673
Suppose -4*i - 26806 = -5*t, -3*t - 21446 = -7*t + 2*i. What are the prime factors of t?
2, 7, 383
Let z = 92348 - 62025. List the prime factors of z.
30323
What are the prime factors of (3577/14)/((-11)/(-990))?
3, 5, 7, 73
Suppose -5*b + 3*h + 515 - 105 = 